 - v + 6. List the prime factors of u(k).
2, 3
Let x(w) = -w**2 + 6*w + 8. Let c be x(7). What are the prime factors of -1*c - (9 + -19)?
3
What are the prime factors of 639/12 - 1/4?
53
Suppose -s + 2*a + 764 = 3*s, 3*s + 2*a = 587. List the prime factors of s.
193
Suppose 3*a - 4*a = 0. Suppose -3*j - 3 = -a*j. What are the prime factors of j*(-1 + (-6)/3)?
3
Suppose 4*u = 5*q + 48, 1 = -u + q - 3*q. Suppose 0 = 2*s - 4*w - 32, 4*w - u - 9 = -2*s. List the prime factors of s.
2, 3
Let k be (2 - 1) + -6 + -5. List the prime factors of ((-32)/5)/(4/k).
2
Suppose 5*h - 3*a + 0*a - 382 = 0, 5*h + 5*a - 350 = 0. List the prime factors of h.
2, 37
Let m(u) be the third derivative of u**4/24 + 7*u**3/6 - 3*u**2. Let n be m(-8). List the prime factors of n/(2*(-3)/96).
2
Let f(l) = -6*l + 34. List the prime factors of f(-15).
2, 31
Let n(v) = -v**3 - 2*v**2 + 3*v + 4. Suppose -4*a = 2*t + 26, 0 = t + t - 3*a - 9. List the prime factors of n(t).
2
Let k = 6 - 2. Suppose 2*w - 4 = v + 4*w, -3*v + k*w = -8. Suppose 3*n - r - 17 = v, -n + 5*r - 9 = 4. What are the prime factors of n?
7
Let p(c) = -4*c + 3. Suppose 3*r - 30 = 5*v, -5*v + 0*r - 5*r = -10. What are the prime factors of p(v)?
3, 5
What are the prime factors of 4/((-4)/4) - -29?
5
Suppose p - 2*c = 4, -4*p - 2 = -5*p + 4*c. Suppose u = -u + p. Suppose 6 = -u*b, b + 40 = 5*n + 6*b. List the prime factors of n.
2, 5
Let h(y) = 18*y - 2. Let l be h(3). What are the prime factors of l/6*(-18)/(-12)?
13
Let z = 273 + -149. List the prime factors of z.
2, 31
Suppose -12*y = 4*o - 13*y - 769, -3*y - 3 = 0. List the prime factors of o.
2, 3
Suppose -7 = 4*n - 23. Let i be 0/(n/(2 + -4)). Let z(v) = v**2 - v + 6. List the prime factors of z(i).
2, 3
Let t be 0 + (7 - (0 + 2)). Suppose t*l = -9 + 59. List the prime factors of l.
2, 5
Let l(o) = o + 12. Let t(p) = -2*p**2 - 3*p - 2. Let b be t(-2). Let d = b - -4. List the prime factors of l(d).
2, 3
Let u = 21 - -8. Let y = -18 + u. List the prime factors of y.
11
Let b(w) = 2*w**2 + w. Let q = 13 - 10. List the prime factors of b(q).
3, 7
Suppose 3*p - 101 = -u - 1, -4*u - 76 = -2*p. Let c = 48 - p. What are the prime factors of c?
2, 7
Let n(v) = -3*v - 29. List the prime factors of n(-16).
19
Let h(a) = -2*a**3 - 25*a**2 - 3*a - 12. What are the prime factors of h(-13)?
2, 7
Let s(b) = -b**3 - b**2 + 3*b + 3. Let y be s(-2). List the prime factors of (0/(-1) - -8)*y.
2
What are the prime factors of (-2)/(-8) - (-91)/4?
23
List the prime factors of ((-21)/15 + 2)/((-5)/(-1425)).
3, 19
Suppose p + 5 = -0*p. Let b(k) = -k**2 - 9*k - 2. List the prime factors of b(p).
2, 3
Let h be 4/18 + 34/9. Suppose 2*a - 6 = -h. List the prime factors of -1 + -2 + a + 5.
3
Suppose -64 = 3*c - x, 0 = c - 4*c - x - 62. Let g = c - -40. Suppose s = -0*s + g. List the prime factors of s.
19
Let k be (1 - 0) + 1 + 0. Let m be ((-12)/(-15))/(k/20). Suppose 2*g - 8 = m. What are the prime factors of g?
2
Let n = 54 - 7. List the prime factors of n.
47
Let t(a) = -a - 10. Let q be t(-3). Let c = -2 - q. List the prime factors of c.
5
Let y(o) be the first derivative of 11*o**3/3 + o**2 - o - 1. List the prime factors of y(1).
2, 3
Let z(f) = 5*f**2 - 2*f + f**3 - 7*f - 7 - 1. Suppose -5*a - 5 = 5*u, 0*a + 4*a - u + 29 = 0. List the prime factors of z(a).
2, 5
Let f(u) = -3 + 3 - 18*u - 4 + 6. List the prime factors of f(-3).
2, 7
Let z(b) = -b**2 - 7*b - 4. Let c be z(-6). Suppose 0 = 3*u + 2*u + c*h - 147, -3*h = -5*u + 142. List the prime factors of u.
29
Let d = -7 - -3. Let i = -14 - d. Let w = -3 - i. What are the prime factors of w?
7
Let g be (-2)/(-9) + (-420)/(-54). Suppose 4*z = -0*z + g. What are the prime factors of z?
2
Let w(v) = -v**2 - 3*v - 2. Let l be w(-2). Let h = l - 2. What are the prime factors of h - (-16 + 9/(-3))?
17
Suppose 3*w + w - 16 = 0. Let t = -8 + 13. Suppose w*y = t*b - 19, 3*y = -b + 4*y + 3. List the prime factors of b.
7
Suppose 0 = x - 0*x - 4. Suppose 2*s = -4*r + 4, x*r = -4*s + 6*s - 36. List the prime factors of 16/s + (-12)/(-30).
2
Suppose 389 = 3*d + 50. List the prime factors of d.
113
Let m be -1 - (0 - -3) - 2. What are the prime factors of -22*-1*(-3)/m?
11
Let q = -20 + 12. Let g = -8 - q. Suppose g = 4*d + 4*m - 32, d + 4 = 5*m - 0*m. What are the prime factors of d?
2, 3
Let q(p) = p**3 - 5*p**2 - 4*p - 7. Let b be q(6). Suppose -b*s = -3*s. What are the prime factors of 1 + 11 + s/(-5)?
2, 3
Let j(d) = d**3 + 8*d**2 + 6*d. Let a be j(-7). Suppose a*u = 4*u + 90. What are the prime factors of u?
2, 3, 5
Let b(v) be the third derivative of -v**4/6 - 5*v**3/6 + 2*v**2. What are the prime factors of b(-11)?
3, 13
Suppose 0*t = 2*t + 2. What are the prime factors of 10 - (-1 + t - -2)?
2, 5
Suppose -4 + 1 = -t. Suppose v = -5*x + x - 43, x + 19 = -t*v. What are the prime factors of 4/x - (-54)/10?
5
Suppose 3*p + 2*h + 50 = 8*p, 5*h = p - 10. Let r = -6 + p. Suppose -2*v = -r*d - 32, 0 = 4*d + 5 + 3. List the prime factors of v.
2, 3
Let j = 4 - 4. Suppose 4*g - a - 76 = j, -62 = -0*g - 3*g + 2*a. What are the prime factors of g?
2, 3
Let c be (-2)/((-8)/300*3). Suppose 0 = -3*k - 2*k + c, -l + 19 = -k. List the prime factors of l.
2, 3
Suppose -2*j - 55 = 5*i, -3*j + 4*i = -j + 28. Let p = -14 - -8. List the prime factors of 1*p/15*j.
2
Let v = 77 - 44. List the prime factors of v.
3, 11
Let s(w) = 3*w**3 - 2*w**2 + 2*w - 1. Let n be s(1). Suppose -n*t - 6 = 4*y, -9*y = 3*t - 6*y - 6. List the prime factors of t.
7
Let m(g) = -5*g**3 - 13*g**2 - 5*g + 8. Let q(n) = 3*n**2 + 0*n**2 + 3*n - 4 + 2*n**3 + 3*n**2. Let o(w) = 3*m(w) + 7*q(w). List the prime factors of o(4).
2
Let n(w) = w**2 + 3 + 5*w - 4*w**2 + 2*w**2 + 1. List the prime factors of n(5).
2
Let v be 6/(-4)*(-8)/(-6). Let d(q) = -6*q - 1. What are the prime factors of d(v)?
11
Suppose -20 = 5*x - 0*x. List the prime factors of 1 + x/4 + 4.
2
What are the prime factors of (-15)/(-10) - (-1)/(-2) - -147?
2, 37
Let a(t) = 27*t + 24. List the prime factors of a(5).
3, 53
Suppose 0 = -3*w - w + 16. Suppose w*l + 0*r = -5*r + 208, -3*r = 5*l - 260. List the prime factors of l.
2, 13
Suppose -26 = -5*p + 4*p. What are the prime factors of p?
2, 13
Let u(f) = -1 + 0 + 1 + 6*f. Let r be u(1). Suppose -m + r*m = 25. What are the prime factors of m?
5
Let v(w) be the first derivative of 1/4*w**4 + 4 - 4*w - w**3 - 3*w**2. What are the prime factors of v(5)?
2
Let g(v) = 5*v**3 + 6*v**2 - 13*v + 20. Let m(i) = -9*i**3 - 13*i**2 + 26*i - 39. Let r(u) = 11*g(u) + 6*m(u). What are the prime factors of r(11)?
2
Suppose -8 = -2*k + 4*k, 5*s + 2*k - 302 = 0. What are the prime factors of s?
2, 31
Let q(g) = -5*g**2 + 2*g + 0*g + 6*g**2. What are the prime factors of q(5)?
5, 7
Suppose -4*h + r = -137, 4*r - 3*r = 5*h - 172. Let c = -35 - -14. Let g = h + c. What are the prime factors of g?
2, 7
Suppose u = -u. Suppose u = 2*j + 6, 2*v + 1 = -5*j - 8. Let x(w) = -w**2 + 7*w. What are the prime factors of x(v)?
2, 3
Let v(q) = q**3 - 2*q**2 + 1. Let w be v(2). Let l be 32/10 - w/5. Suppose 3*a - j + l*j - 41 = 0, -25 = -2*a + j. What are the prime factors of a?
13
Suppose -8 = -4*l, 3*s - 4*l + 1 = -4. List the prime factors of s/1 + 3 + 11.
3, 5
Let d(k) = k**3 - 20*k**2 - 17*k + 24. List the prime factors of d(21).
2, 3
Suppose t + 20 = -4*t, 4*t = 4*l - 76. Suppose 5 = -5*y + 5*s, 4*y + 22 = -2*s - 3*s. Let p = y + l. What are the prime factors of p?
2, 3
List the prime factors of (-6)/(-15) + 53/5.
11
Let w(l) be the first derivative of l**4/4 + l**3 + 4*l + 3. Let h be w(-3). Suppose -37 = -h*r + 15. What are the prime factors of r?
13
Let o(j) = j**2 - 2*j - 2. Suppose 4*l - 1 + 9 = 0. List the prime factors of o(l).
2, 3
Let i = -23 - -32. Let p(z) = z - 2. Let u be p(5). What are the prime factors of (-3)/i*-10*u?
2, 5
Let z(b) = b**3 - 3*b**2 - 3*b + 4. Let y be z(4). Suppose 2*h + 52 = 4*c, -2*h + y = 4*c - 3*c. What are the prime factors of c?
2, 3
Suppose -c + 6 = -0*c. Let j = c + 2. What are the prime factors of j?
2
Let f(n) = -6*n**3 + n**2 + 2*n - 5. What are the prime factors of f(-3)?
2, 5
Let x = 35 + -67. Let w = -20 - x. List the prime factors of w.
2, 3
Let y = -5 + 5. List the prime factors of (-21)/(-6)*(4 - y).
2, 7
Let q be (-6)/39 - (-28)/13. What are